
In base 9, what is -8762 + -1?
-8763
In base 11, what is -12424 + 3?
-12421
In base 14, what is 0 + 264a5b?
264a5b
In base 5, what is -1410220 + -1?
-1410221
In base 3, what is 10020 - 1211011?
-1200221
In base 3, what is 221012020 - 2?
221012011
In base 5, what is -10 + -421324?
-421334
In base 12, what is 60272 - 3?
6026b
In base 6, what is -10223 + 2343?
-3440
In base 9, what is -165302 - -11?
-165281
In base 4, what is -112111230 + -11?
-112111301
In base 10, what is -303 + -562?
-865
In base 7, what is 14056 - -5?
14064
In base 10, what is -47246 + 6?
-47240
In base 4, what is 31003332 - 3?
31003323
In base 4, what is -1123002330 - -10?
-1123002320
In base 16, what is 4 - -13ecc0?
13ecc4
In base 14, what is -3c5 + -2?
-3c7
In base 14, what is 10 + -52389?
-52379
In base 7, what is 12214 - -625?
13142
In base 6, what is -2 - -3331530?
3331524
In base 4, what is -2011 - -12330?
10313
In base 8, what is 1467 + 20?
1507
In base 4, what is -13201 - 111012?
-130213
In base 15, what is 20 + 1a15?
1a35
In base 14, what is 3974b7 + 3?
3974ba
In base 13, what is -6 + -10998?
-109a1
In base 3, what is 1 + -11222101?
-11222100
In base 3, what is -21020001 - 2?
-21020010
In base 11, what is 1871a + -a?
18710
In base 5, what is -142 - 1003440?
-1004132
In base 9, what is -6368 - 32?
-6411
In base 10, what is 1710 - 11?
1699
In base 3, what is 11 - 10210211120?
-10210211102
In base 6, what is -2 + 4052130?
4052124
In base 9, what is 216624 + 1?
216625
In base 14, what is 3 - -12888?
1288b
In base 13, what is 2b + -8889?
-885b
In base 13, what is -474 + 66?
-40b
In base 12, what is -a01 - a03?
-1804
In base 6, what is 25304055 - 2?
25304053
In base 10, what is 669 - -3?
672
In base 8, what is 11 + 32313?
32324
In base 13, what is -5 + bb52?
bb4a
In base 16, what is -8 - 1082?
-108a
In base 9, what is 326878 - -2?
326881
In base 14, what is ad0 - -16?
b06
In base 8, what is 0 + 34433?
34433
In base 6, what is -2 + -153055?
-153101
In base 7, what is -2143505 - 2?
-2143510
In base 15, what is 9da + 37d?
d68
In base 13, what is -31a66 - -9?
-31a5a
In base 16, what is -e272 - -16?
-e25c
In base 9, what is 1 + 5567?
5568
In base 15, what is 25ab - 43?
2568
In base 8, what is -224727 - 0?
-224727
In base 14, what is 1351 - -71?
13c2
In base 8, what is -20 + 6337?
6317
In base 6, what is 24 - -334222?
334250
In base 8, what is 13140 - -1?
13141
In base 12, what is 60 + -567b?
-561b
In base 15, what is 2385 + 22e?
25b4
In base 8, what is 1 - -316702?
316703
In base 11, what is 1 + 31695a?
316960
In base 3, what is 20022 - 1100?
11222
In base 9, what is 332 + -1148?
-716
In base 16, what is 6a50 - -d?
6a5d
In base 4, what is -1 + 330201212?
330201211
In base 12, what is -26851 + -51?
-268a2
In base 7, what is -5 - -361?
353
In base 15, what is -5 + 2264?
225e
In base 3, what is 122000211 + 1101?
122002012
In base 14, what is 2 + 1bc?
1c0
In base 3, what is -120020122 + 22?
-120020100
In base 8, what is 327 - -116?
445
In base 13, what is -38 + -68c8?
-6933
In base 5, what is -3331314442 - 1?
-3331314443
In base 2, what is -10111101011000 - -111010?
-10111100011110
In base 12, what is 16344 + -2?
16342
In base 13, what is -3b7a2 - 2?
-3b7a4
In base 6, what is 2151 - -2?
2153
In base 8, what is 225 - 13525?
-13300
In base 14, what is -359 + -68?
-3c3
In base 12, what is -34043 - 1?
-34044
In base 7, what is 41600 + 5?
41605
In base 11, what is 1 + -9899?
-9898
In base 6, what is 4 - -11320351?
11320355
In base 14, what is -2 + 31539?
31537
In base 3, what is 1120121 + 102110?
2000001
In base 7, what is 0 - 43601?
-43601
In base 5, what is 1100110132 - 3?
1100110124
In base 15, what is -3 - -710d?
710a
In base 5, what is -403 - -13232?
12324
In base 8, what is -1471 + -255?
-1746
In base 12, what is -169ba - 3?
-16a01
In base 16, what is -6 + -8b79?
-8b7f
In base 2, what is -1010 + -110110001101110?
-110110001111000
In base 13, what is 9 + 2a65a?
2a666
In base 14, what is -2b - -5080?
5053
In base 13, what is -146b6 + 15?
-146a1
In base 11, what is 8a + -7?
83
In base 9, what is 18064 - -46?
18121
In base 14, what is 73 - 7c?
-9
In base 11, what is 5 + 876a7?
87701
In base 4, what is -10121201 - -31?
-10121110
In base 6, what is -1220224 + -3?
-1220231
In base 11, what is -690a - -6?
-6904
In base 13, what is 8 - 2c9?
-2c1
In base 7, what is -12 - -504455?
504443
In base 16, what is -1180 - c5?
-1245
In base 6, what is 5 + 12324320?
12324325
In base 8, what is 35 + 35470?
35525
In base 4, what is -110023 - -2013?
-102010
In base 14, what is d940 - -5?
d945
In base 7, what is 234434 - 11?
234423
In base 5, what is 40 - -23110?
23200
In base 5, what is 300 - 10014?
-4214
In base 16, what is a01 + 1c?
a1d
In base 2, what is 100000110111 - 1100?
100000101011
In base 14, what is -dbb12 + -3?
-dbb15
In base 14, what is -1d77 + 35?
-1d42
In base 15, what is -4a + -25e8?
-2643
In base 9, what is -1202 + -601?
-1803
In base 2, what is 10 + 11010100000111100?
11010100000111110
In base 11, what is 2208 + -9?
21aa
In base 4, what is 2300331 + 31?
2301022
In base 6, what is -5025 - -2242?
-2343
In base 10, what is -3 + 30497?
30494
In base 13, what is 8a59 + -a?
8a4c
In base 3, what is 121110 + 12202?
211012
In base 16, what is c + 1b2d?
1b39
In base 2, what is -11 + -1000011110010000101?
-1000011110010001000
In base 15, what is 0 - 831cc?
-831cc
In base 11, what is -11 - 570?
-581
In base 14, what is -12 - 3a0b4?
-3a0c6
In base 3, what is -10 - 120222022?
-120222102
In base 8, what is -1456711 + -6?
-1456717
In base 12, what is -3 + -103b?
-1042
In base 10, what is -3 - 7144?
-7147
In base 15, what is -3 + -20cb0?
-20cb3
In base 15, what is 233d8 - -2?
233da
In base 12, what is 5212a - -2?
52130
In base 8, what is -51 - 40376?
-40447
In base 10, what is 6394 - 503?
5891
In base 7, what is 20 - -24640?
24660
In base 7, what is 55032 - 12?
55020
In base 5, what is -14310111 - 0?
-14310111
In base 8, what is 11053 - 75?
10756
In base 3, what is 2120212210 + 11?
2120212221
In base 9, what is 11116 + -5?
11111
In base 3, what is -1011000121 - 0?
-1011000121
In base 12, what is -3a + 33543?
33505
In base 16, what is 7ba311 + -5?
7ba30c
In base 2, what is 111 - -101100101?
101101100
In base 15, what is -3 - -22795?
22792
In base 6, what is 12145 + -20?
12125
In base 8, what is -23273 + 356?
-22715
In base 2, what is 10111000 - -110001?
11101001
In base 15, what is 2063 - -5?
2068
In base 3, what is -122 - 221111022?
-221111221
In base 14, what is -24b + 337?
ca
In base 11, what is -5098 - 3?
-50a0
In base 3, what is -10200120 - 1122?
-10202012
In base 13, what is 4a7c - 78?
4a04
In base 16, what is -64 + -366?
-3ca
In base 6, what is -55 - 13103?
-13202
In base 4, what is -312213312 + 23?
-312213223
In base 7, what is -4 + 133013?
133006
In base 2, what is -111100011100011101 + -10?
-111100011100011111
In base 4, what is -23320 + -211231?
-301211
In base 14, what is 18bab + 3?
18bb0
In base 5, what is -4 + -141103?
-141112
In base 7, what is -4 + 42516?
42512
In base 16, what is -420 - 4?
-424
In base 4, what is -203 - -101202?
100333
In base 13, what is -1c7b1 + -2?
-1c7b3
In base 7, what is -3 + -603264?
-603300
In base 2, what is 11111 - -10101010000101?
10101010100100
In base 15, what is -4 - 212?
-216
In base 16, what is -25cb5 - 1?
-25cb6
In base 9, what is 3047 - -20?
3067
In base 15, what is d9 - -c2?
1ab
In base 16, what is -f + 3cf?
3c0
In base 16, what is 2ce + 52b?
7f9
In base 5, what is 43 + -2240?
-2142
In base 11, what is -39 - -55a?
521
In base 8, what is -3 - -2276406?
2276403
In base 5, what is 3234 - 124?
3110
In base 3, what is -1000202210 - 1?
-1000202211
In base 10, what is -958195 + 3?
-958192
In base 10, what is -5 - -383931?
383926
In base 16, what is 1 + 2700?
2701
In base 9, what is -66207 - 0?
-66207
In base 16, what is c1 - -a5?
166
In base 9, what is 4 + 6240?
6244
In base 11, what is -1373138 + 3?
-1373135
In base 5, what is 142234411 - 4?
142234402
In base 6, what is 2211 + 13?
2224
In base 10, what is 15023 + -12?
15011
In base 11, what is 93274 - 2?
93272
In base 5, what is 142300121 + -3?
142300113
In base 3, what is -1000 + -10102201?
-10110201
In base 14, what is -3 - -21d9a?
21d97
In base 11, what is -73365 + -4?
-73369
In base 9, what is 34